{"id":5701,"date":"2025-03-31T14:12:46","date_gmt":"2025-03-31T14:12:46","guid":{"rendered":"https:\/\/www.futerro.com\/event\/salon-europeen-du-recyclage-des-plastiques-2025\/"},"modified":"2026-01-02T09:17:07","modified_gmt":"2026-01-02T08:17:07","slug":"salon-europeen-du-recyclage-des-plastiques-2025","status":"publish","type":"event","link":"https:\/\/www.futerro.com\/fr\/event\/salon-europeen-du-recyclage-des-plastiques-2025\/","title":{"rendered":"Salon europ\u00e9en du recyclage des plastiques 2025"},"content":{"rendered":"\n<p>Futerro sera pr\u00e9sent au Salon europ\u00e9en du recyclage des plastiques 2025 \u00e0 Amsterdam les 1er et 2 avril 2025, sur le stand de l&rsquo;Agence wallonne \u00e0 l&rsquo;Exportation et aux Investissements \u00e9trangers (AWEX) (K75).<br\/><br\/>Nous pr\u00e9senterons notre gamme actuelle de PLA, un polym\u00e8re biosourc\u00e9, industriellement compostable et recyclable, capable de remplacer les plastiques traditionnels d&rsquo;origine p\u00e9troli\u00e8re dans une large gamme d&rsquo;applications.<br\/><br\/>En parall\u00e8le, nous mettrons en avant notre projet de bioraffinerie enti\u00e8rement int\u00e9gr\u00e9e, qui r\u00e9unira:<br\/>\ud83c\udfed La premi\u00e8re unit\u00e9 de production de PLA en Europe<br\/>\u267b\ufe0f Une unit\u00e9 de recyclage m\u00e9canique et chimique du PLA<br\/><br\/>\ud83d\udd0d Rendez-nous visite au stand K75 pour en savoir plus.<\/p>\n\n<p><\/p>\n","protected":false},"featured_media":3607,"template":"","meta":{"_acf_changed":false,"_seopress_robots_primary_cat":"","_seopress_titles_title":"","_seopress_titles_desc":"","_seopress_robots_index":"","inline_featured_image":false},"class_list":["post-5701","event","type-event","status-publish","has-post-thumbnail","hentry"],"acf":[],"_links":{"self":[{"href":"https:\/\/www.futerro.com\/fr\/wp-json\/wp\/v2\/event\/5701","targetHints":{"allow":["GET"]}}],"collection":[{"href":"https:\/\/www.futerro.com\/fr\/wp-json\/wp\/v2\/event"}],"about":[{"href":"https:\/\/www.futerro.com\/fr\/wp-json\/wp\/v2\/types\/event"}],"wp:featuredmedia":[{"embeddable":true,"href":"https:\/\/www.futerro.com\/fr\/wp-json\/wp\/v2\/media\/3607"}],"wp:attachment":[{"href":"https:\/\/www.futerro.com\/fr\/wp-json\/wp\/v2\/media?parent=5701"}],"curies":[{"name":"wp","href":"https:\/\/api.w.org\/{rel}","templated":true}]}}

Salon européen du recyclage des plastiques 2025

<p>Futerro sera présent au Salon européen du recyclage des plastiques 2025 à Amsterdam les 1er et 2 avril 2025, sur le stand de l&rsquo;Agence wallonne à l&rsquo;Exportation et aux Investissements étrangers (AWEX) (K75).<br/><br/>Nous présenterons notre gamme actuelle de PLA, un polymère biosourcé, industriellement compostable et recyclable, capable de remplacer les plastiques traditionnels d&rsquo;origine pétrolière dans une large gamme d&rsquo;applications.<br/><br/>En parallèle, nous mettrons en avant notre projet de bioraffinerie entièrement intégrée, qui réunira:<br/>🏭 La première unité de production de PLA en Europe<br/>♻️ Une unité de recyclage mécanique et chimique du PLA<br/><br/>🔍 Rendez-nous visite au stand K75 pour en savoir plus.</p>

<p></p>
