{"id":9983,"date":"2026-06-02T13:42:32","date_gmt":"2026-06-02T11:42:32","guid":{"rendered":"https:\/\/www.futerro.com\/event\/pla-world-congress-2026\/"},"modified":"2026-08-10T14:05:20","modified_gmt":"2026-08-10T12:05:20","slug":"pla-world-congress-2026","status":"publish","type":"event","link":"https:\/\/www.futerro.com\/fr\/event\/pla-world-congress-2026\/","title":{"rendered":"PLA World Congress 2026"},"content":{"rendered":"\n<h2 class=\"wp-block-heading\"><strong>PLA World Congress 2026<\/strong><\/h2>\n\n<p class=\"wp-block-paragraph\">Geoffroy Delvinquier, responsable des affaires publiques chez Futerro, est intervenu lors du PLA World Congress 2026, organis\u00e9 par <a href=\"https:\/\/www.bioplasticsmagazine.com\/en\/event-calendar\/termine\/9th-PLA-World-Congress\/\">Renewable Carbon Plastics Magazine<\/a>, sur les \u00e9volutions des politiques mondiales et de la r\u00e9glementation relatives aux plastiques biosourc\u00e9s et au PLA.<\/p>\n\n<p class=\"wp-block-paragraph\">Son intervention a explor\u00e9 la mani\u00e8re dont les cadres r\u00e9glementaires relatifs aux bioplastiques \u00e9voluent au-del\u00e0 de l\u2019Union europ\u00e9enne. Si l\u2019UE est depuis longtemps la boussole r\u00e9glementaire mondiale en mati\u00e8re de durabilit\u00e9, le paysage l\u00e9gislatif des plastiques biosourc\u00e9s et compostables s\u2019acc\u00e9l\u00e8re d\u00e9sormais dans le reste du monde. <\/p>\n\n<p class=\"wp-block-paragraph\">En Asie, en Afrique, dans les Am\u00e9riques et au Moyen-Orient, de nouvelles approches politiques \u00e9mergent et reconnaissent de plus en plus le r\u00f4le strat\u00e9gique de la bio\u00e9conomie et des mat\u00e9riaux biosourc\u00e9s.<\/p>\n\n<div style=\"height:29px\" aria-hidden=\"true\" class=\"wp-block-spacer\"><\/div>\n\n<h2 class=\"wp-block-heading\"><strong>Le principal enseignement ? <\/strong><\/h2>\n\n<p class=\"wp-block-paragraph\"><em>\u00ab L\u2019Europe a construit le mod\u00e8le fondateur, et d\u2019autres l\u2019ont am\u00e9lior\u00e9 : le reste du monde ne se contente plus de suivre l\u2019Europe ; il innove, s\u2019adapte et, dans de nombreux cas, prend de l\u2019avance. Le paysage r\u00e9glementaire mondial des bioplastiques et du <a href=\"https:\/\/www.futerro.com\/fr\/a-propos-du-pla\/processus-de-production-et-proprietes\/\" data-type=\"page\" data-id=\"45\">PLA <\/a>devient plus riche, plus diversifi\u00e9 et plus dynamique. L\u2019Europe a beaucoup \u00e0 y gagner si elle reste ouverte \u00e0 l\u2019apprentissage aupr\u00e8s des pionniers qui \u00e9mergent partout dans le monde.\u00bb  <\/em> Geoffroy Delvinquier, responsable des affaires publiques chez Futerro.<\/p>\n\n<p class=\"wp-block-paragraph\">La discussion a mis en \u00e9vidence l\u2019importance, pour les d\u00e9cideurs et les parties prenantes europ\u00e9ens, de rester attentifs aux \u00e9volutions r\u00e9glementaires internationales, \u00e0 la fois pour pr\u00e9server le leadership de l\u2019Europe et pour veiller \u00e0 ce que les futurs cadres de l\u2019UE restent comp\u00e9titifs, coh\u00e9rents et propices \u00e0 l\u2019innovation.<\/p>\n\n<div style=\"height:29px\" aria-hidden=\"true\" class=\"wp-block-spacer\"><\/div>\n\n<p class=\"wp-block-paragraph\">Un grand merci \u00e0 <a href=\"https:\/\/www.bioplasticsmagazine.com\/en\/event-calendar\/termine\/9th-PLA-World-Congress\/\">Renewable Carbon Plastics Magazine<\/a> pour l\u2019organisation, ainsi qu\u2019\u00e0 l\u2019ensemble des participants pour les questions, les analyses et les \u00e9changes pertinents tout au long de la session. Nous avons h\u00e2te de poursuivre la conversation et d\u2019explorer ensemble ce que l\u2019Europe peut apprendre des \u00e9volutions r\u00e9glementaires \u00e0 l\u2019\u00e9chelle mondiale. <\/p>\n\n<div style=\"height:29px\" aria-hidden=\"true\" class=\"wp-block-spacer\"><\/div>\n\n<p class=\"wp-block-paragraph\"><strong>Cela a \u00e9veill\u00e9 votre int\u00e9r\u00eat, mais vous n\u2019avez pas pu participer ?<br\/><\/strong>\ud83d\udc49 Pour aller plus loin, le <a href=\"https:\/\/www.bioplasticsmagazine.com\/en\/magazine\/flipbook\/flipbook_02-2026.html\">dernier num\u00e9ro<\/a> de <em>Renewable Carbon Plastics Magazine<\/em> propose un article r\u00e9dig\u00e9 par Geoffroy Delvinquier et consacr\u00e9 \u00e0 ces tendances r\u00e9glementaires mondiales.<\/p>\n\n<p class=\"wp-block-paragraph\">\ud83d\udc49 Pour poursuivre la discussion ou pour toute question de suivi, veuillez<a href=\"https:\/\/www.futerro.com\/fr\/contact\/\" data-type=\"page\" data-id=\"130\"> nous contacter<\/a> directement.<\/p>\n\n<div style=\"height:47px\" aria-hidden=\"true\" class=\"wp-block-spacer\"><\/div>\n\n<figure class=\"wp-block-gallery has-nested-images columns-default is-cropped wp-block-gallery-1 is-layout-flex wp-block-gallery-is-layout-flex\">\n<figure class=\"wp-block-image size-large\"><img fetchpriority=\"high\" decoding=\"async\" width=\"1024\" height=\"768\" data-id=\"9158\" src=\"https:\/\/www.futerro.com\/wp-content\/uploads\/2026\/06\/IMG_7097-1024x768.jpeg\" alt=\"\" class=\"wp-image-9158\" srcset=\"https:\/\/www.futerro.com\/wp-content\/uploads\/2026\/06\/IMG_7097-1024x768.jpeg 1024w, https:\/\/www.futerro.com\/wp-content\/uploads\/2026\/06\/IMG_7097-300x225.jpeg 300w, https:\/\/www.futerro.com\/wp-content\/uploads\/2026\/06\/IMG_7097-768x576.jpeg 768w\" sizes=\"(max-width: 1024px) 100vw, 1024px\" \/><\/figure>\n\n\n\n<figure class=\"wp-block-image size-large\"><img decoding=\"async\" width=\"1024\" height=\"768\" data-id=\"9163\" src=\"https:\/\/www.futerro.com\/wp-content\/uploads\/2026\/06\/IMG_7112-1024x768.jpeg\" alt=\"\" class=\"wp-image-9163\" srcset=\"https:\/\/www.futerro.com\/wp-content\/uploads\/2026\/06\/IMG_7112-1024x768.jpeg 1024w, https:\/\/www.futerro.com\/wp-content\/uploads\/2026\/06\/IMG_7112-300x225.jpeg 300w, https:\/\/www.futerro.com\/wp-content\/uploads\/2026\/06\/IMG_7112-768x576.jpeg 768w\" sizes=\"(max-width: 1024px) 100vw, 1024px\" \/><\/figure>\n<\/figure>\n","protected":false},"featured_media":9154,"template":"","meta":{"_acf_changed":false,"_seopress_titles_title":"PLA World Congress 2026 %%sep%% Futerro","_seopress_titles_desc":"Le responsable des affaires publiques de Futerro est intervenu sur les \u00e9volutions des politiques mondiales et de la r\u00e9glementation relatives aux plastiques biosourc\u00e9s lors du Congr\u00e8s mondial du PLA.","_seopress_robots_index":"","_seopress_robots_follow":"","_seopress_robots_imageindex":"","_seopress_robots_snippet":"","_seopress_robots_primary_cat":"","_seopress_robots_breadcrumbs":"","_seopress_robots_freeze_modified_date":"","_seopress_robots_custom_modified_date":"","_seopress_robots_canonical":"","_seopress_social_fb_title":"","_seopress_social_fb_desc":"","_seopress_social_fb_img":"","_seopress_social_fb_img_attachment_id":0,"_seopress_social_fb_img_width":0,"_seopress_social_fb_img_height":0,"_seopress_social_twitter_title":"","_seopress_social_twitter_desc":"","_seopress_social_twitter_img":"","_seopress_social_twitter_img_attachment_id":0,"_seopress_social_twitter_img_width":0,"_seopress_social_twitter_img_height":0,"_seopress_redirections_value":"","_seopress_redirections_enabled":"","_seopress_redirections_enabled_regex":"","_seopress_redirections_logged_status":"","_seopress_redirections_param":"","_seopress_redirections_type":0,"_seopress_analysis_target_kw":"PLA,Politique,Congr\u00e8s mondial du PLA,R\u00e9glementation","inline_featured_image":false},"class_list":["post-9983","event","type-event","status-publish","has-post-thumbnail","hentry"],"acf":[],"_links":{"self":[{"href":"https:\/\/www.futerro.com\/fr\/wp-json\/wp\/v2\/event\/9983","targetHints":{"allow":["GET"]}}],"collection":[{"href":"https:\/\/www.futerro.com\/fr\/wp-json\/wp\/v2\/event"}],"about":[{"href":"https:\/\/www.futerro.com\/fr\/wp-json\/wp\/v2\/types\/event"}],"wp:featuredmedia":[{"embeddable":true,"href":"https:\/\/www.futerro.com\/fr\/wp-json\/wp\/v2\/media\/9154"}],"wp:attachment":[{"href":"https:\/\/www.futerro.com\/fr\/wp-json\/wp\/v2\/media?parent=9983"}],"curies":[{"name":"wp","href":"https:\/\/api.w.org\/{rel}","templated":true}]}}

<h2 class="wp-block-heading"><strong>PLA World Congress 2026</strong></h2>

<p class="wp-block-paragraph">Geoffroy Delvinquier, responsable des affaires publiques chez Futerro, est intervenu lors du PLA World Congress 2026, organisé par <a href="https://www.bioplasticsmagazine.com/en/event-calendar/termine/9th-PLA-World-Congress/">Renewable Carbon Plastics Magazine</a>, sur les évolutions des politiques mondiales et de la réglementation relatives aux plastiques biosourcés et au PLA.</p>

<p class="wp-block-paragraph">Son intervention a exploré la manière dont les cadres réglementaires relatifs aux bioplastiques évoluent au-delà de l’Union européenne. Si l’UE est depuis longtemps la boussole réglementaire mondiale en matière de durabilité, le paysage législatif des plastiques biosourcés et compostables s’accélère désormais dans le reste du monde. </p>

<p class="wp-block-paragraph">En Asie, en Afrique, dans les Amériques et au Moyen-Orient, de nouvelles approches politiques émergent et reconnaissent de plus en plus le rôle stratégique de la bioéconomie et des matériaux biosourcés.</p>

<div style="height:29px" aria-hidden="true" class="wp-block-spacer"></div>

<h2 class="wp-block-heading"><strong>Le principal enseignement ? </strong></h2>

<p class="wp-block-paragraph"><em>« L’Europe a construit le modèle fondateur, et d’autres l’ont amélioré : le reste du monde ne se contente plus de suivre l’Europe ; il innove, s’adapte et, dans de nombreux cas, prend de l’avance. Le paysage réglementaire mondial des bioplastiques et du <a href="https://www.futerro.com/fr/a-propos-du-pla/processus-de-production-et-proprietes/" data-type="page" data-id="45">PLA </a>devient plus riche, plus diversifié et plus dynamique. L’Europe a beaucoup à y gagner si elle reste ouverte à l’apprentissage auprès des pionniers qui émergent partout dans le monde.»  </em> Geoffroy Delvinquier, responsable des affaires publiques chez Futerro.</p>

<p class="wp-block-paragraph">La discussion a mis en évidence l’importance, pour les décideurs et les parties prenantes européens, de rester attentifs aux évolutions réglementaires internationales, à la fois pour préserver le leadership de l’Europe et pour veiller à ce que les futurs cadres de l’UE restent compétitifs, cohérents et propices à l’innovation.</p>

<div style="height:29px" aria-hidden="true" class="wp-block-spacer"></div>

<p class="wp-block-paragraph">Un grand merci à <a href="https://www.bioplasticsmagazine.com/en/event-calendar/termine/9th-PLA-World-Congress/">Renewable Carbon Plastics Magazine</a> pour l’organisation, ainsi qu’à l’ensemble des participants pour les questions, les analyses et les échanges pertinents tout au long de la session. Nous avons hâte de poursuivre la conversation et d’explorer ensemble ce que l’Europe peut apprendre des évolutions réglementaires à l’échelle mondiale. </p>

<div style="height:29px" aria-hidden="true" class="wp-block-spacer"></div>

<p class="wp-block-paragraph"><strong>Cela a éveillé votre intérêt, mais vous n’avez pas pu participer ?<br/></strong>👉 Pour aller plus loin, le <a href="https://www.bioplasticsmagazine.com/en/magazine/flipbook/flipbook_02-2026.html">dernier numéro</a> de <em>Renewable Carbon Plastics Magazine</em> propose un article rédigé par Geoffroy Delvinquier et consacré à ces tendances réglementaires mondiales.</p>

<p class="wp-block-paragraph">👉 Pour poursuivre la discussion ou pour toute question de suivi, veuillez<a href="https://www.futerro.com/fr/contact/" data-type="page" data-id="130"> nous contacter</a> directement.</p>

<div style="height:47px" aria-hidden="true" class="wp-block-spacer"></div>

<figure class="wp-block-gallery has-nested-images columns-default is-cropped wp-block-gallery-1 is-layout-flex wp-block-gallery-is-layout-flex">
<figure class="wp-block-image size-large"><img fetchpriority="high" decoding="async" width="1024" height="768" data-id="9158" src="https://www.futerro.com/wp-content/uploads/2026/06/IMG_7097-1024x768.jpeg" alt="" class="wp-image-9158" srcset="https://www.futerro.com/wp-content/uploads/2026/06/IMG_7097-1024x768.jpeg 1024w, https://www.futerro.com/wp-content/uploads/2026/06/IMG_7097-300x225.jpeg 300w, https://www.futerro.com/wp-content/uploads/2026/06/IMG_7097-768x576.jpeg 768w" sizes="(max-width: 1024px) 100vw, 1024px" /></figure>



<figure class="wp-block-image size-large"><img decoding="async" width="1024" height="768" data-id="9163" src="https://www.futerro.com/wp-content/uploads/2026/06/IMG_7112-1024x768.jpeg" alt="" class="wp-image-9163" srcset="https://www.futerro.com/wp-content/uploads/2026/06/IMG_7112-1024x768.jpeg 1024w, https://www.futerro.com/wp-content/uploads/2026/06/IMG_7112-300x225.jpeg 300w, https://www.futerro.com/wp-content/uploads/2026/06/IMG_7112-768x576.jpeg 768w" sizes="(max-width: 1024px) 100vw, 1024px" /></figure>
</figure>

Le responsable des affaires publiques de Futerro est intervenu sur les évolutions des politiques mondiales et de la réglementation relatives aux plastiques biosourcés lors du Congrès mondial du PLA.

PLA,Politique,Congrès mondial du PLA,Réglementation
